{"id":127,"date":"2019-04-21T08:47:40","date_gmt":"2019-04-21T08:47:40","guid":{"rendered":"https:\/\/dieweisen.ch\/?page_id=127"},"modified":"2019-04-21T15:00:55","modified_gmt":"2019-04-21T15:00:55","slug":"der-spirituelle-pfad-von-reto","status":"publish","type":"page","link":"https:\/\/dieweisen.ch\/index.php\/der-spirituelle-pfad-von-reto\/","title":{"rendered":"Der spirituelle Pfad von Reto"},"content":{"rendered":"<table>\n<tbody>\n<tr>\n<td>1964<\/td>\n<td>20. Januar Geburt in Bern. Eltern: Florian + Sibylle Studer-Aeschbacher<\/td>\n<\/tr>\n<tr>\n<td>1970<\/td>\n<td>Atheistische Erziehung im Elternhaus, reformierter Unterricht<\/td>\n<\/tr>\n<tr>\n<td>1980<\/td>\n<td>Konfirmation<\/td>\n<\/tr>\n<tr>\n<td>1982<\/td>\n<td>Erstes Interesse f\u00fcr die buddhistischen Lehren<\/td>\n<\/tr>\n<tr>\n<td>1984<\/td>\n<td>Hypnose-R\u00fcckf\u00fchrung zum Geburts-Trauma<\/td>\n<\/tr>\n<tr>\n<td>1986<\/td>\n<td>Austritt aus der reformierten Kirche<\/td>\n<\/tr>\n<tr>\n<td>1991<\/td>\n<td>PoV Psychologie der Vision: Trauma- und Musteraufl\u00f6sung<\/td>\n<\/tr>\n<tr>\n<td>1992<\/td>\n<td>Kurs in Wundern: Beginn des Studiums<\/td>\n<\/tr>\n<tr>\n<td>1993<\/td>\n<td>PoV Kommunikationsgruppen, Familienstellungen nach Hellinger<\/td>\n<\/tr>\n<tr>\n<td>1995<\/td>\n<td>Erste Erfahrung mit Fasten<\/td>\n<\/tr>\n<tr>\n<td>1998<\/td>\n<td>15 Tage Fasten<\/td>\n<\/tr>\n<tr>\n<td>2012<\/td>\n<td>Einssein-Erfahrung<\/td>\n<\/tr>\n<tr>\n<td>2014<\/td>\n<td>Schamanische Heilungs- und Reinigungsrituale<\/td>\n<\/tr>\n<tr>\n<td>2015<\/td>\n<td>Schamanische Initiation, Schamanisches Trommeln, Ahnenarbeit<\/td>\n<\/tr>\n<tr>\n<td>2017<\/td>\n<td>Schamanische R\u00e4ucherungen und Anwendung von Heilpflanzen<\/td>\n<\/tr>\n<\/tbody>\n<\/table>\n","protected":false},"excerpt":{"rendered":"<p>1964 20. Januar Geburt in Bern. Eltern: Florian + Sibylle Studer-Aeschbacher 1970 Atheistische Erziehung im Elternhaus, reformierter Unterricht 1980 Konfirmation 1982 Erstes Interesse f\u00fcr die buddhistischen Lehren 1984 Hypnose-R\u00fcckf\u00fchrung zum Geburts-Trauma 1986 Austritt aus der reformierten Kirche 1991 PoV Psychologie der Vision: Trauma- und Musteraufl\u00f6sung 1992 Kurs in Wundern: Beginn des Studiums 1993 PoV Kommunikationsgruppen, &hellip; <\/p>\n<p class=\"link-more\"><a href=\"https:\/\/dieweisen.ch\/index.php\/der-spirituelle-pfad-von-reto\/\" class=\"more-link\"><span class=\"screen-reader-text\">&#171;Der spirituelle Pfad von Reto&#187;<\/span> weiterlesen<\/a><\/p>\n","protected":false},"author":1,"featured_media":0,"parent":0,"menu_order":0,"comment_status":"closed","ping_status":"closed","template":"","meta":{"spay_email":""},"jetpack_sharing_enabled":true,"jetpack_shortlink":"https:\/\/wp.me\/PaSzRL-23","_links":{"self":[{"href":"https:\/\/dieweisen.ch\/index.php\/wp-json\/wp\/v2\/pages\/127"}],"collection":[{"href":"https:\/\/dieweisen.ch\/index.php\/wp-json\/wp\/v2\/pages"}],"about":[{"href":"https:\/\/dieweisen.ch\/index.php\/wp-json\/wp\/v2\/types\/page"}],"author":[{"embeddable":true,"href":"https:\/\/dieweisen.ch\/index.php\/wp-json\/wp\/v2\/users\/1"}],"replies":[{"embeddable":true,"href":"https:\/\/dieweisen.ch\/index.php\/wp-json\/wp\/v2\/comments?post=127"}],"version-history":[{"count":5,"href":"https:\/\/dieweisen.ch\/index.php\/wp-json\/wp\/v2\/pages\/127\/revisions"}],"predecessor-version":[{"id":152,"href":"https:\/\/dieweisen.ch\/index.php\/wp-json\/wp\/v2\/pages\/127\/revisions\/152"}],"wp:attachment":[{"href":"https:\/\/dieweisen.ch\/index.php\/wp-json\/wp\/v2\/media?parent=127"}],"curies":[{"name":"wp","href":"https:\/\/api.w.org\/{rel}","templated":true}]}}