{"id":89,"date":"2019-04-20T08:32:49","date_gmt":"2019-04-20T08:32:49","guid":{"rendered":"https:\/\/dieweisen.ch\/?page_id=89"},"modified":"2019-04-20T08:47:11","modified_gmt":"2019-04-20T08:47:11","slug":"berufung","status":"publish","type":"page","link":"https:\/\/dieweisen.ch\/index.php\/berufung\/","title":{"rendered":"Berufung"},"content":{"rendered":"\n<figure class=\"wp-block-image\"><img loading=\"lazy\" width=\"1024\" height=\"317\" src=\"https:\/\/dieweisen.ch\/wp-content\/uploads\/2019\/04\/berufung-1024x317.jpg\" alt=\"Berufung\" class=\"wp-image-90\" srcset=\"https:\/\/dieweisen.ch\/wp-content\/uploads\/2019\/04\/berufung-1024x317.jpg 1024w, https:\/\/dieweisen.ch\/wp-content\/uploads\/2019\/04\/berufung-300x93.jpg 300w, https:\/\/dieweisen.ch\/wp-content\/uploads\/2019\/04\/berufung-768x237.jpg 768w, https:\/\/dieweisen.ch\/wp-content\/uploads\/2019\/04\/berufung.jpg 1100w\" sizes=\"(max-width: 767px) 89vw, (max-width: 1000px) 54vw, (max-width: 1071px) 543px, 580px\" \/><\/figure>\n\n\n<p>Dein <strong>Beruf<\/strong> oder deine <em><strong>Berufung<\/strong><\/em> ist neben Deiner Partnerschaft eine ganz wesentliche S\u00e4ule Deines Lebensgl\u00fccks. Es ist keine gute Idee einfach irgendetwas zu machen nur um (m\u00f6glichst viel) Geld zu verdienen. Dabei wirst Du h\u00f6chstens krank und ungl\u00fccklich. Stichwort: Burnout.&nbsp;&nbsp;<br>Du solltest also m\u00f6glichst schnell erkennen, was <em><strong>Deine Berufung<\/strong><\/em> ist und dann diese mit aller Hingabe und Liebe die Du hast leben. Dann wirst Du erfolgreich sein und normalerweise immer genug Geld haben um dich selbst zu verwirklichen. Ausserdem macht es einfach viel mehr Spass eine Berufung zu leben als einem Beruf nachzugehen.&nbsp; <br>Ich war jahrzehntelang Informatiker, bis ich herausgefunden habe, dass meine Berufung Lehrer zu sein, ist. Jetzt bin ich Informatik-Berufsschullehrer und habe ein Softwareschulungs-Firma. Die Selbst\u00e4ndigkeit erm\u00f6glicht mir Freiheiten, die ich in keinem meiner vorherigen Berufe (Maschinenmechaniker, Computerverk\u00e4ufer, Filialleiter, Berufsberater, Softwareberater) finden konnte und tr\u00e4gt wesentlich dazu bei, dass ich bei der Arbeit sehr zufrieden und gl\u00fccklich bin. <br>Meine Partnerin hatte es da einfacher. Sie ist eine kreative K\u00fcnstlerin und hat schon fr\u00fch entdeckt, dass Sie ihre Berufung als Coiffeur sehr gut leben und dabei ihre Kreativit\u00e4t umsetzen kann. Sie war lange Zeit angestellt, hat sich dann aber auch Selbst\u00e4ndig gemacht und ist heute stolze Besitzerin eines eigenen Coiffeursalons.<br>Vielleicht wirst Du Deine Berufung nicht sofort finden. Aber es macht Sinn sehr bald dar\u00fcber nachzudenken und aktiv heraus zu finden, was Dir bei der Arbeit speziell viel Freude bereitet.<\/p>\n\n\n<p class=\"has-background has-very-light-gray-background-color\">Unter <strong>Berufung<\/strong>&nbsp;im&nbsp;spirituellen Sinn wird das Vernehmen\/Versp\u00fcren einer inneren Stimme verstanden, die einen zu einer bestimmten Lebensaufgabe dr\u00e4ngt. So spricht man von einer Berufung zur Liebe und zum Leben in F\u00fclle, die im Herzen jedes einzelnen Menschen tief verankert ist. <br>Quelle: Wikipedia<\/p>\n\n\n<p>Zwei erfolgreich Selbst\u00e4ndige die ihre Berufung gefunden haben und leben, werden an dieser Stelle \u00fcber den Weg zur Berufung berichten und Dir Tipps geben, wie Du selbst dorthin kommen kannst.<br \/>Das Problem, welches sich Dir stellt, ist genau das Gleiche wie bei der Partnerschaft. Wie finde ich den richtigen Beruf oder meine Berufung?<\/p>\n\n\n<figure class=\"wp-block-image\"><img loading=\"lazy\" width=\"696\" height=\"464\" src=\"https:\/\/dieweisen.ch\/wp-content\/uploads\/2019\/04\/baustelle-696x464.jpg\" alt=\"\" class=\"wp-image-84\" srcset=\"https:\/\/dieweisen.ch\/wp-content\/uploads\/2019\/04\/baustelle-696x464.jpg 696w, https:\/\/dieweisen.ch\/wp-content\/uploads\/2019\/04\/baustelle-696x464-300x200.jpg 300w\" sizes=\"(max-width: 696px) 100vw, 696px\" \/><\/figure>\n","protected":false},"excerpt":{"rendered":"<p>Dein Beruf oder deine Berufung ist neben Deiner Partnerschaft eine ganz wesentliche S\u00e4ule Deines Lebensgl\u00fccks. Es ist keine gute Idee einfach irgendetwas zu machen nur um (m\u00f6glichst viel) Geld zu verdienen. Dabei wirst Du h\u00f6chstens krank und ungl\u00fccklich. Stichwort: Burnout.&nbsp;&nbsp;Du solltest also m\u00f6glichst schnell erkennen, was Deine Berufung ist und dann diese mit aller Hingabe &hellip; <\/p>\n<p class=\"link-more\"><a href=\"https:\/\/dieweisen.ch\/index.php\/berufung\/\" class=\"more-link\"><span class=\"screen-reader-text\">&#171;Berufung&#187;<\/span> weiterlesen<\/a><\/p>\n","protected":false},"author":1,"featured_media":0,"parent":0,"menu_order":0,"comment_status":"closed","ping_status":"closed","template":"","meta":{"spay_email":""},"jetpack_sharing_enabled":true,"jetpack_shortlink":"https:\/\/wp.me\/PaSzRL-1r","_links":{"self":[{"href":"https:\/\/dieweisen.ch\/index.php\/wp-json\/wp\/v2\/pages\/89"}],"collection":[{"href":"https:\/\/dieweisen.ch\/index.php\/wp-json\/wp\/v2\/pages"}],"about":[{"href":"https:\/\/dieweisen.ch\/index.php\/wp-json\/wp\/v2\/types\/page"}],"author":[{"embeddable":true,"href":"https:\/\/dieweisen.ch\/index.php\/wp-json\/wp\/v2\/users\/1"}],"replies":[{"embeddable":true,"href":"https:\/\/dieweisen.ch\/index.php\/wp-json\/wp\/v2\/comments?post=89"}],"version-history":[{"count":4,"href":"https:\/\/dieweisen.ch\/index.php\/wp-json\/wp\/v2\/pages\/89\/revisions"}],"predecessor-version":[{"id":96,"href":"https:\/\/dieweisen.ch\/index.php\/wp-json\/wp\/v2\/pages\/89\/revisions\/96"}],"wp:attachment":[{"href":"https:\/\/dieweisen.ch\/index.php\/wp-json\/wp\/v2\/media?parent=89"}],"curies":[{"name":"wp","href":"https:\/\/api.w.org\/{rel}","templated":true}]}}